- 2. Let p be v(-4). Let k be 9*p/2*1. What is the units digit of (k/10)/((-2)/4)?
9
Suppose k - 1 - 2 = 0. Suppose 5*y - 5*g = 20, -k = -y - 5*g + 13. What is the units digit of y?
6
Let f be (7 - 0)*(-6)/(-21). Suppose 5*j - 6 = f*j. What is the units digit of j?
2
Suppose 4*b - 2*l - 106 = 0, 5*b + 2*l - 149 = -l. What is the tens digit of b?
2
Suppose -2*v - 2*v + 276 = 0. Suppose 0 = -2*q + 5*q - v. Suppose -32 - q = -4*w - 3*f, 4*w = -2*f + 54. What is the units digit of w?
3
Suppose -2*l = 2*l - 4. Let o be -1*((-49)/1)/l. Suppose 19 = -5*w + o. What is the units digit of w?
6
Let x(k) = -k**2 + 13*k + 17. Let z be x(14). Suppose 0 = -4*p + 12, -z*y - 113 = -7*y + p. What is the tens digit of y?
2
Suppose -25 + 6 = -5*p - 2*v, p + 5 = 4*v. Suppose 0 = p*j - 8*j + 30. What is the units digit of j?
6
Suppose 3*j - 54 = 84. What is the tens digit of j?
4
Let u(g) = 68*g**2 + 1. Let l be u(1). Suppose l = -2*p + 5*p. Suppose 0 = -2*y - 2*z + 28, p = 4*z + 3. What is the units digit of y?
9
Let g(k) = -k**3 + 10*k**2 + 6. Let l be g(10). Suppose u + l = 4*u. Suppose 0 = -u*m + m + 2. What is the units digit of m?
2
Let h = -3 + 4. Let p be (-4 + 1)*(h - 2). Suppose -2*t + 31 = u, 0 = 5*t - p*t + 5*u - 11. What is the units digit of t?
8
Let l(o) be the first derivative of -o**2/2 - 3*o + 3. What is the units digit of l(-4)?
1
Suppose k - 2*k + 5*a = 12, 4*a - 3 = 3*k. Let m = 5 + k. What is the units digit of m?
8
Let f = -64 - -107. Let k = -31 + f. What is the tens digit of k?
1
Let j(c) = -c - 6. Let y be j(-11). Suppose 4*q - y*q + 33 = 0. What is the tens digit of q?
3
Let t(m) = m**2 + 13*m + 35. What is the tens digit of t(-15)?
6
Let k = 921 + -581. What is the hundreds digit of k?
3
What is the tens digit of (-1)/2*(-7 + -51)?
2
Suppose 0 = 3*g + 4*n - 24, 0 = g + g + 3*n - 17. Suppose -2*k - 3*b + 21 = k, 0 = g*k - 3*b - 56. Suppose -k = -w - 3. What is the units digit of w?
8
What is the tens digit of (15/3*6)/1?
3
Let h be (-40)/(-70) - 8/(-14)*-1. Let z = -14 - -20. Suppose 0 = -3*u - h*u + z. What is the units digit of u?
2
What is the tens digit of ((-104)/39)/(4/(-66))?
4
Suppose 5*d + 50 = 200. Let h = d + -11. What is the units digit of h?
9
Let k(h) = -h**3 + 7*h**2 + 8. Let f = 18 + -11. What is the units digit of k(f)?
8
Let s = -5 - -3. What is the units digit of s*2/4 + 20?
9
Let m(r) = -2*r**2 + 22*r - 8. What is the units digit of m(10)?
2
Let o = 89 + -29. What is the units digit of o?
0
Let d(w) = -w**2 + 5*w - 4. Let q be d(4). Suppose 48 = 2*s + 2. Suppose q = 5*k + 2*h - s, 4*k + k - h = 26. What is the units digit of k?
5
Let y(k) = -k**2 - 9*k - 6. Let m be y(-12). What is the units digit of 3/(-2)*m/9?
7
Let o(p) be the first derivative of p**3/3 + 3*p**2 - 10*p - 5. What is the units digit of o(-9)?
7
Let k(l) = -l**2 - 3*l + 3. Let d be (-1)/(5/(-2) + 2). Let v be k(d). Let x = 16 + v. What is the units digit of x?
9
Let s be (-4)/(-18) - 448/72. What is the units digit of ((-111)/s - 3)*2?
1
Let r = -23 + 75. What is the tens digit of r?
5
Suppose -14 = -5*z - 4. Suppose z*t + 0*t = 30. What is the units digit of t?
5
Let b = 311 - 174. What is the hundreds digit of b?
1
Suppose 0 = 2*n - n - 2. Suppose -4 = 2*b - 4*h, 2*b + h + 17 = -n*b. What is the units digit of (-2)/b - (-14)/4?
4
Suppose 0 = 2*z - 3*r - r - 100, -4*z + 184 = -4*r. Suppose v + z = 3*v + 2*g, -4*g - 60 = -4*v. What is the tens digit of v?
1
Suppose q + 3*l - 560 = -q, 4*q - 1122 = -5*l. What is the units digit of q?
3
Suppose -3*m - 3 = -27. Let j = m - 6. What is the tens digit of 31/j + (-3)/6?
1
Let b = -29 - -16. What is the units digit of (-4)/(-26) - 50/b?
4
Suppose -4*z + 16 = 0, -3*c + 2*z + 723 = 170. What is the tens digit of c?
8
Let j be -2*((-3)/3)/2. Suppose 0 = u - 7 - j. What is the units digit of u?
8
Suppose n - 2*a = -1, 2*a - 5*a = 2*n + 30. Let x = -4 - n. What is the units digit of x?
5
Let c = -1 - 2. Let o(b) = -b - 3. Let m be o(c). Let d = 2 - m. What is the units digit of d?
2
Suppose 0 = 2*z - 4*l - 24, -l - 43 = -2*z - 16. Let u be z/4*(1 - 7). Let p = u - -38. What is the units digit of p?
7
Let m(f) = f - 2. Let d be m(6). Let v = 13 - d. What is the units digit of v?
9
Suppose -7 = 2*g - 1. What is the units digit of 0/g + 3*11?
3
Suppose -615 = -y - 2*y. What is the units digit of y?
5
Let q(d) = -d**2 - 6*d + 4. Let y be q(-6). Suppose -4 = y*n - 3*v, v = -4*v. What is the units digit of ((-1)/(-2 - n))/1?
1
Let z be (1/2)/((-2)/8). Suppose 0 = -0*r - 5*r - 35. Let p = z - r. What is the units digit of p?
5
Let q(d) = -16*d - 3. Let x(n) = 32*n + 7. Let y(j) = 7*q(j) + 3*x(j). Let f be 1/(-2) + 3/(-6)*1. What is the tens digit of y(f)?
1
Let r(t) = -t**2 - 4*t + 2. Suppose 4*i + i = 4*g + 21, 0 = 3*g + 5*i + 7. What is the units digit of r(g)?
2
Suppose -2 = -5*t + 3. What is the units digit of t?
1
Let h = -34 - -59. What is the tens digit of h?
2
Suppose -41 - 25 = -2*o. What is the tens digit of o?
3
Let a be 19 - ((1 - 2) + 2). Suppose -k + 5*w = -6, -6*w - a = -3*k - w. What is the units digit of k?
6
What is the units digit of (-6690)/(-70) - 3/(-7)?
6
Let v be (-2)/(-4)*-4 + 31. Suppose w - 16 = -f, w - v = -3*w + 3*f. What is the tens digit of w?
1
Let h(g) = g**3 + 6*g**2 + 4*g - 6. Let t be h(-5). Let r be (-2 - -1)/(t/1). Suppose 0*f + 53 = 5*b + 4*f, b + r = 5*f. What is the units digit of b?
9
Let m = -4 + 6. Suppose -m*s + 3*s = -6. Let f = 9 + s. What is the units digit of f?
3
Suppose -2*c + 5 = n - 3*c, -5*n + 3*c + 19 = 0. Suppose 0 = 3*z - z - n. What is the units digit of z?
1
Suppose 5*s - 7 - 80 = -2*d, -2*d = 4*s - 84. Suppose 0 = 5*p - d - 34. What is the units digit of p?
4
Let d(b) = 7*b - 15. What is the units digit of d(11)?
2
Let n = 2 + 21. Suppose -n = -p - z, -3*z + 86 = 4*p - z. Suppose i = -2*o - 3, -5*i + p = 6*o - 3*o. What is the units digit of i?
7
Suppose 4*d - 3*d + 11 = 2*j, -5*j = -4*d - 32. Suppose 5*x - 3*z = 99, -2*z - 3*z = -j*x + 87. What is the units digit of x?
8
Let c = 17 + 19. What is the tens digit of c?
3
What is the units digit of (-3)/4 + 67/4?
6
Let b = -116 - -162. Let k = b + -32. What is the units digit of k?
4
Let k(p) = p**3 + 5*p**2 - 7*p - 1. Let z be k(-6). Suppose j - 5*d - 3 = -7, z*j - 2*d - 3 = 0. What is the units digit of (5 - 4) + (j - -4)?
6
Let u be -13 - 1/(3/(-3)). What is the units digit of 2*26/u*-3?
3
Suppose 0 = -2*d - 2*u - 2*u + 8, 0 = 2*u + 6. What is the units digit of d?
0
Let g(w) be the second derivative of -27*w**5/20 + w**4/6 + w**3/6 + 6*w. What is the tens digit of g(-1)?
2
Suppose 127 = 2*a + 3*p, -175 = -5*a - 4*p + 139. What is the tens digit of a?
6
Let l(x) = 4*x**2 + 12*x - 13. What is the tens digit of l(-7)?
9
Suppose -2*j + 12 = -4*j. Let s(o) = -4*o - 4. Let y be s(j). Suppose 2*k - 2*v - 22 = y, -4*v + 87 = 5*k. What is the units digit of k?
9
Suppose -3*c = -x - 4*x - 490, 4*x = -5*c + 829. What is the units digit of c?
5
Suppose 0 = -3*m - m + 20, 5*j = -m + 150. Suppose 6*d - 329 + j = 0. What is the tens digit of d?
5
Let h(d) = -d - 6. Let r be h(-3). Let x = r - -1. Let o = 3 + x. What is the units digit of o?
1
Let v = 5 - 0. Let z = v + 1. Let i(a) = -a + 11. What is the units digit of i(z)?
5
Suppose 0*n - 140 = -5*n. Let a = n - -4. Suppose 4*m - i + 3*i - a = 0, 3*i = 2*m. What is the units digit of m?
6
Suppose 3*z - 10*v = -11*v + 540, -5*z + 900 = -4*v. What is the hundreds digit of z?
1
Let v = -11 + 15. Suppose v*i = -0*i + 56. Suppose 4*l - 3*l - i = 0. What is the tens digit of l?
1
What is the tens digit of 5/((-35)/(-248)) - (-20)/35?
3
Suppose 2*v - 16 = 32. What is the tens digit of v?
2
Let b(n) = -n**2 - 5*n - 3. Let x be b(-3). What is the units digit of 50/2 + (x - 0)?
8
Suppose -2*z - 5*b = -3*z + 47, z + 4*b = 56. What is the units digit of z?
2
Suppose 3*y + 3*l - 6 = 3, -3*l = 4*y - 13. What is the units digit of y?
4
Let n = -3 - -2. Let x(p) = 3*p**3 + p**2. Let q be x(1). Let d = n + q. What is the units digit of d?
3
Let q(i) = i**3 - 16*i**2 - 18*i + 20. Let f be q(17). Suppose -2*u + f*u = 40. What is the tens digit of u?
4
Suppose 2*c - 40 = 6*c. Let l be (-54)/(-15) + (-4)/c. Suppose 5*v - 65 = -5*o, -o + 39 = 2*o - l*v. What is the units digit of o?
3
What is